{"id":9,"date":"2022-04-24T15:30:38","date_gmt":"2022-04-24T15:30:38","guid":{"rendered":"http:\/\/radicleventure.com\/?page_id=9"},"modified":"2022-09-21T17:08:39","modified_gmt":"2022-09-21T17:08:39","slug":"inicio","status":"publish","type":"page","link":"https:\/\/radicleventure.com\/","title":{"rendered":"Inicio"},"content":{"rendered":"<body><p>[et_pb_section fb_built=\u201d1\u2033 fullwidth=\u201don\u201d admin_label=\u201dHero Section\u201d _builder_version=\u201d4.16\u2033 _module_preset=\u201ddefault\u201d global_colors_info=\u201d{}\u201d][et_pb_fullwidth_header subhead=\u201dRADICLE VENTURES\u201d text_orientation=\u201dright\u201d button_two_text=\u201dEmpezar\u201d button_two_url=\u201dhttp:\/\/radicleventure.com\/#proposito\u201d background_overlay_color=\u201drgba(0,0,0,0.8)\u201d content_max_width=\u201d550px\u201d _builder_version=\u201d4.17.6\u2033 _module_preset=\u201ddefault\u201d title_font=\u201dPoppins|700||on|||||\u201d title_text_color=\u201d#edbb5f\u201d title_font_size=\u201d14px\u201d title_letter_spacing=\u201d2px\u201d title_line_height=\u201d1.8em\u201d subhead_font=\u201dPlayfair Display|700||on|||||\u201d subhead_font_size=\u201d48px\u201d subhead_line_height=\u201d1.4em\u201d background_color=\u201drgba(255, 255, 255, 0)\u201d background_image=\u201dhttp:\/\/radicleventure.com\/wp-content\/uploads\/2022\/04\/consultant-09.jpg\u201d parallax=\u201don\u201d parallax_method=\u201don\u201d custom_button_one=\u201don\u201d button_one_border_width=\u201d1px\u201d button_one_border_color=\u201drgba(255,255,255,0.3)\u201d button_one_border_radius=\u201d0px\u201d button_one_letter_spacing=\u201d1px\u201d button_one_font=\u201dSaira Extra Condensed|600||on|||||\u201d button_one_icon=\u201d$||divi||400\u2033 button_one_icon_color=\u201d#edbb5f\u201d custom_button_two=\u201don\u201d button_two_border_width=\u201d1px\u201d button_two_border_color=\u201drgba(255,255,255,0.3)\u201d button_two_border_radius=\u201d0px\u201d button_two_letter_spacing=\u201d1px\u201d button_two_font=\u201dSaira Extra Condensed|600||on|||||\u201d button_two_icon=\u201d$||divi||400\u2033 button_two_icon_color=\u201d#edbb5f\u201d module_alignment=\u201dright\u201d custom_margin=\u201d|||\u201d custom_padding=\u201d8%||260px|\u201d button_one_text_color_hover=\u201d#edbb5f\u201d button_two_text_color_hover=\u201d#edbb5f\u201d button_one_bg_color_hover=\u201drgba(0,0,0,0)\u201d button_two_bg_color_hover=\u201drgba(0,0,0,0)\u201d global_colors_info=\u201d{}\u201d button_one_text_size__hover_enabled=\u201doff\u201d button_two_text_size__hover_enabled=\u201doff\u201d button_one_text_color__hover_enabled=\u201don\u201d button_one_text_color__hover=\u201d#edbb5f\u201d button_two_text_color__hover_enabled=\u201don\u201d button_two_text_color__hover=\u201d#edbb5f\u201d button_one_border_width__hover_enabled=\u201doff\u201d button_two_border_width__hover_enabled=\u201doff\u201d button_one_border_color__hover_enabled=\u201doff\u201d button_two_border_color__hover_enabled=\u201doff\u201d button_one_border_radius__hover_enabled=\u201doff\u201d button_two_border_radius__hover_enabled=\u201doff\u201d button_one_letter_spacing__hover_enabled=\u201doff\u201d button_two_letter_spacing__hover_enabled=\u201doff\u201d button_one_bg_color__hover_enabled=\u201don\u201d button_one_bg_color__hover=\u201drgba(0,0,0,0)\u201d button_two_bg_color__hover_enabled=\u201don\u201d button_two_bg_color__hover=\u201drgba(0,0,0,0)\u201d][\/et_pb_fullwidth_header][\/et_pb_section][et_pb_section fb_built=\u201d1\u2033 admin_label=\u201dServices\u201d _builder_version=\u201d4.16\u2033 _module_preset=\u201ddefault\u201d custom_margin=\u201d|||\u201d custom_padding=\u201d100px|0px|100px|0px\u201d global_colors_info=\u201d{}\u201d][et_pb_row _builder_version=\u201d4.16\u2033 _module_preset=\u201ddefault\u201d animation_style=\u201dfade\u201d global_colors_info=\u201d{}\u201d][et_pb_column type=\u201d4_4\u2033 _builder_version=\u201d4.16\u2033 _module_preset=\u201ddefault\u201d custom_padding=\u201d|||\u201d global_colors_info=\u201d{}\u201d custom_padding__hover=\u201d|||\u201d][et_pb_text module_id=\u201dproposito\u201d _builder_version=\u201d4.17.6\u2033 _module_preset=\u201ddefault\u201d text_font=\u201d||||||||\u201d header_font=\u201d||||||||\u201d header_2_font=\u201dPlayfair Display|700|||||||\u201d header_2_font_size=\u201d38px\u201d header_2_letter_spacing=\u201d1px\u201d header_2_line_height=\u201d1.4em\u201d header_3_font=\u201dPoppins|700||on|||||\u201d header_3_text_color=\u201d#edbb5f\u201d header_3_font_size=\u201d14px\u201d header_3_letter_spacing=\u201d1px\u201d header_3_line_height=\u201d2em\u201d text_orientation=\u201dcenter\u201d max_width=\u201d700px\u201d module_alignment=\u201dcenter\u201d global_colors_info=\u201d{}\u201d]<\/p>\n<h3>CON\u00d3ZCANOS UN POCO\u2026<\/h3>\n<h2>NUESTRO PROP\u00d3SITO<\/h2>\n<p>[\/et_pb_text][et_pb_divider color=\u201d#edbb5f\u201d divider_weight=\u201d2px\u201d _builder_version=\u201d4.16\u2033 _module_preset=\u201ddefault\u201d max_width=\u201d60px\u201d module_alignment=\u201dcenter\u201d height=\u201d2px\u201d global_colors_info=\u201d{}\u201d][\/et_pb_divider][et_pb_text _builder_version=\u201d4.17.6\u2033 _module_preset=\u201ddefault\u201d text_font=\u201dPoppins||||||||\u201d text_font_size=\u201d16px\u201d text_letter_spacing=\u201d1px\u201d text_line_height=\u201d2em\u201d text_orientation=\u201dcenter\u201d max_width=\u201d700px\u201d module_alignment=\u201dcenter\u201d global_colors_info=\u201d{}\u201d]<\/p>\n<p><span>Radicle Ventures es un fondo de inversi\u00f3n que apoya empresas de etapa temprana durante su desarrollo inicial aportando recursos econ\u00f3micos, intelectuales, y sociales. Buscamos emprendimientos apoyados en tecnolog\u00eda con potencial de crecimiento exponencial, con socios fundadores din\u00e1micos y altamente comprometidos que tengan la capacidad de pivotear para ajustarse r\u00e1pidamente a las necesidades cambiantes del mercado. <\/span><\/p>\n<p>[\/et_pb_text][\/et_pb_column][\/et_pb_row][et_pb_row column_structure=\u201d1_3,1_3,1_3\u2033 use_custom_gutter=\u201don\u201d gutter_width=\u201d0\u2033 _builder_version=\u201d4.16\u2033 _module_preset=\u201ddefault\u201d custom_margin=\u201d|||\u201d custom_padding=\u201d|||\u201d global_colors_info=\u201d{}\u201d][et_pb_column type=\u201d1_3\u2033 _builder_version=\u201d4.16\u2033 _module_preset=\u201ddefault\u201d custom_padding=\u201d40px|||\u201d custom_padding_tablet=\u201d0px|||\u201d custom_padding_phone=\u201d0px|||\u201d custom_padding_last_edited=\u201don|tablet\u201d global_colors_info=\u201d{}\u201d padding_tablet=\u201d0px|||\u201d padding_last_edited=\u201don|tablet\u201d custom_padding__hover=\u201d|||\u201d padding_phone=\u201d0px|||\u201d][\/et_pb_column][et_pb_column type=\u201d1_3\u2033 _builder_version=\u201d4.16\u2033 _module_preset=\u201ddefault\u201d background_color_gradient_start=\u201drgba(255,255,255,0)\u201d background_color_gradient_start_position=\u201d13%\u201d background_color_gradient_end=\u201d#282828\u2033 background_color_gradient_end_position=\u201d0%\u201d custom_padding=\u201d|||\u201d global_colors_info=\u201d{}\u201d custom_padding__hover=\u201d|||\u201d][et_pb_cta title=\u201dNuestro Equipo\u201d button_url=\u201dhttp:\/\/radicleventure.com\/index.php\/equipo\/\u201d button_text=\u201dVer m\u00e1s\u201d _builder_version=\u201d4.17.3\u2033 _module_preset=\u201ddefault\u201d header_font=\u201dPlayfair Display|700|||||||\u201d header_font_size=\u201d32px\u201d header_line_height=\u201d1.4em\u201d body_font=\u201dPoppins||||||||\u201d body_font_size=\u201d18px\u201d body_letter_spacing=\u201d1px\u201d body_line_height=\u201d2em\u201d background_color=\u201d#3d3d3d\u201d custom_button=\u201don\u201d button_text_color=\u201d#f3cd7e\u201d button_bg_color=\u201d#ffffff\u201d button_border_width=\u201d0px\u201d button_border_radius=\u201d0px\u201d button_letter_spacing=\u201d1px\u201d button_font=\u201dSaira Extra Condensed|600||on|||||\u201d button_icon=\u201d$||divi||400\u2033 custom_margin=\u201d|||\u201d custom_padding=\u201d80px||80px|\u201d custom_padding_tablet=\u201d|||\u201d custom_padding_phone=\u201d\u201d custom_padding_last_edited=\u201don|tablet\u201d animation_style=\u201dslide\u201d animation_direction=\u201dbottom\u201d animation_intensity_slide=\u201d20%\u201d animation_starting_opacity=\u201d100%\u201d box_shadow_style=\u201dpreset3\u2033 box_shadow_vertical=\u201d15px\u201d box_shadow_blur=\u201d80px\u201d box_shadow_color=\u201drgba(0,0,0,0.15)\u201d button_border_radius_hover=\u201d1px\u201d locked=\u201doff\u201d global_colors_info=\u201d{}\u201d button_text_size__hover_enabled=\u201doff\u201d button_one_text_size__hover_enabled=\u201doff\u201d button_two_text_size__hover_enabled=\u201doff\u201d button_text_color__hover_enabled=\u201doff\u201d button_one_text_color__hover_enabled=\u201doff\u201d button_two_text_color__hover_enabled=\u201doff\u201d button_border_width__hover_enabled=\u201doff\u201d button_one_border_width__hover_enabled=\u201doff\u201d button_two_border_width__hover_enabled=\u201doff\u201d button_border_color__hover_enabled=\u201doff\u201d button_one_border_color__hover_enabled=\u201doff\u201d button_two_border_color__hover_enabled=\u201doff\u201d button_border_radius__hover_enabled=\u201don\u201d button_border_radius__hover=\u201d1px\u201d button_one_border_radius__hover_enabled=\u201doff\u201d button_two_border_radius__hover_enabled=\u201doff\u201d button_letter_spacing__hover_enabled=\u201doff\u201d button_one_letter_spacing__hover_enabled=\u201doff\u201d button_two_letter_spacing__hover_enabled=\u201doff\u201d button_bg_color__hover_enabled=\u201doff\u201d button_one_bg_color__hover_enabled=\u201doff\u201d button_two_bg_color__hover_enabled=\u201doff\u201d][\/et_pb_cta][\/et_pb_column][et_pb_column type=\u201d1_3\u2033 _builder_version=\u201d4.16\u2033 _module_preset=\u201ddefault\u201d custom_padding=\u201d40px|||\u201d custom_padding_tablet=\u201d0px|||\u201d custom_padding_phone=\u201d0px|||\u201d custom_padding_last_edited=\u201don|desktop\u201d global_colors_info=\u201d{}\u201d padding_tablet=\u201d0px|||\u201d padding_last_edited=\u201don|desktop\u201d custom_padding__hover=\u201d|||\u201d padding_phone=\u201d0px|||\u201d][\/et_pb_column][\/et_pb_row][\/et_pb_section][et_pb_section fb_built=\u201d1\u2033 fullwidth=\u201don\u201d _builder_version=\u201d4.17.3\u2033 _module_preset=\u201ddefault\u201d global_colors_info=\u201d{}\u201d][et_pb_fullwidth_slider _builder_version=\u201d4.18.0\u2033 _module_preset=\u201ddefault\u201d background_color=\u201d#303030\u2033 global_colors_info=\u201d{}\u201d][et_pb_slide heading=\u201dAlgunas empresas en las que hemos invertido\u2026\u201d button_text=\u201dIr a Vaki\u201d button_link=\u201dhttps:\/\/vaki.co\u201d image=\u201dhttp:\/\/radicleventure.com\/wp-content\/uploads\/2022\/04\/image.png\u201d _builder_version=\u201d4.18.0\u2033 _module_preset=\u201ddefault\u201d body_font=\u201d|700|||||||\u201d body_font_size=\u201d27px\u201d text_orientation=\u201dcenter\u201d global_colors_info=\u201d{}\u201d sticky_transition=\u201don\u201d]<\/p>\n<p>VAKI<\/p>\n<p>[\/et_pb_slide][et_pb_slide heading=\u201dAlgunas empresas en las que hemos invertido\u2026\u201d button_text=\u201dIr a ProTalento\u201d button_link=\u201dhttps:\/\/www.protalento.com\u201d image=\u201dhttp:\/\/radicleventure.com\/wp-content\/uploads\/2022\/04\/image.jpeg\u201d _builder_version=\u201d4.18.0\u2033 _module_preset=\u201ddefault\u201d body_font=\u201d|700|||||||\u201d body_font_size=\u201d27px\u201d text_orientation=\u201dcenter\u201d global_colors_info=\u201d{}\u201d sticky_transition=\u201don\u201d]<\/p>\n<p>PROTALENTO<\/p>\n<p>[\/et_pb_slide][et_pb_slide heading=\u201dAlgunas empresas en las que hemos invertido\u2026\u201d button_text=\u201dIr a EatCloud\u201d button_link=\u201dhttps:\/\/www.eatcloud.com\u201d image=\u201dhttp:\/\/radicleventure.com\/wp-content\/uploads\/2022\/04\/image-1.png\u201d _builder_version=\u201d4.18.0\u2033 _module_preset=\u201ddefault\u201d body_font=\u201d|700|||||||\u201d body_font_size=\u201d27px\u201d text_orientation=\u201dcenter\u201d global_colors_info=\u201d{}\u201d sticky_transition=\u201don\u201d]<\/p>\n<p>EATCLOUD<\/p>\n<p>[\/et_pb_slide][et_pb_slide heading=\u201dAlgunas empresas en las que hemos invertido\u2026\u201d button_text=\u201dIr a Influur\u201d button_link=\u201dhttps:\/\/www.influur.com\u201d image=\u201dhttp:\/\/radicleventure.com\/wp-content\/uploads\/2022\/04\/image-1.jpeg\u201d _builder_version=\u201d4.18.0\u2033 _module_preset=\u201ddefault\u201d body_font=\u201d|700|||||||\u201d body_font_size=\u201d27px\u201d text_orientation=\u201dcenter\u201d global_colors_info=\u201d{}\u201d sticky_transition=\u201don\u201d]<\/p>\n<p>INFLUUR<\/p>\n<p>[\/et_pb_slide][et_pb_slide heading=\u201dAlgunas empresas en las que hemos invertido\u2026\u201d button_text=\u201dIr a TPaga\u201d button_link=\u201dhttps:\/\/tpaga.co\u201d image=\u201dhttp:\/\/radicleventure.com\/wp-content\/uploads\/2022\/04\/image-2.jpeg\u201d _builder_version=\u201d4.18.0\u2033 _module_preset=\u201ddefault\u201d body_font=\u201d|700|||||||\u201d body_font_size=\u201d27px\u201d text_orientation=\u201dcenter\u201d global_colors_info=\u201d{}\u201d sticky_transition=\u201don\u201d]<\/p>\n<p>TEPAGA<\/p>\n<p>[\/et_pb_slide][et_pb_slide heading=\u201dAlgunas empresas en las que hemos invertido\u2026\u201d button_text=\u201dIr a Aerialoop\u201d button_link=\u201dhttps:\/\/www.aerialoop.com\/\u201d image=\u201dhttp:\/\/radicleventure.com\/wp-content\/uploads\/2022\/09\/AL-Logo.png\u201d _builder_version=\u201d4.18.0\u2033 _module_preset=\u201ddefault\u201d body_font=\u201d|700|||||||\u201d body_font_size=\u201d27px\u201d text_orientation=\u201dcenter\u201d global_colors_info=\u201d{}\u201d sticky_transition=\u201don\u201d]<\/p>\n<p>AERIALOOP<\/p>\n<p>[\/et_pb_slide][\/et_pb_fullwidth_slider][\/et_pb_section][et_pb_section fb_built=\u201d1\u2033 admin_label=\u201dContact\u201d _builder_version=\u201d4.16\u2033 _module_preset=\u201ddefault\u201d background_image=\u201dhttp:\/\/radicleventure.com\/wp-content\/uploads\/2022\/04\/consutant-03.jpg\u201d custom_margin=\u201d|||\u201d custom_padding=\u201d0px|0px|0px|0px\u201d box_shadow_style=\u201dpreset7\u2033 box_shadow_horizontal=\u201d0px\u201d box_shadow_vertical=\u201d80px\u201d box_shadow_color=\u201d#ffffff\u201d global_colors_info=\u201d{}\u201d global_module=\u201d213\u2033 saved_tabs=\u201dall\u201d][et_pb_row column_structure=\u201d1_2,1_2\u2033 custom_padding_last_edited=\u201don|phone\u201d _builder_version=\u201d4.16\u2033 _module_preset=\u201ddefault\u201d background_color=\u201d#ffffff\u201d custom_margin=\u201d|||\u201d custom_padding=\u201d60px|60px|60px|60px\u201d custom_padding_tablet=\u201d\u201d custom_padding_phone=\u201d|40px||40px\u201d animation_style=\u201dslide\u201d animation_direction=\u201dbottom\u201d animation_duration=\u201d1500ms\u201d animation_delay=\u201d200ms\u201d animation_intensity_slide=\u201d10%\u201d animation_starting_opacity=\u201d100%\u201d box_shadow_style=\u201dpreset3\u2033 box_shadow_vertical=\u201d15px\u201d box_shadow_blur=\u201d80px\u201d box_shadow_color=\u201drgba(0,0,0,0.2)\u201d global_colors_info=\u201d{}\u201d][et_pb_column type=\u201d1_2\u2033 _builder_version=\u201d4.16\u2033 _module_preset=\u201ddefault\u201d custom_padding=\u201d|||\u201d global_colors_info=\u201d{}\u201d custom_padding__hover=\u201d|||\u201d][et_pb_text _builder_version=\u201d4.18.0\u2033 _module_preset=\u201ddefault\u201d text_font=\u201d|||on|||||\u201d header_font=\u201d||||||||\u201d header_2_font=\u201dPlayfair Display|700|||||||\u201d header_2_font_size=\u201d32px\u201d header_2_letter_spacing=\u201d1px\u201d header_2_line_height=\u201d1.4em\u201d header_3_font=\u201dPoppins|700||on|||||\u201d header_3_text_color=\u201d#edbb5f\u201d header_3_font_size=\u201d14px\u201d header_3_letter_spacing=\u201d1px\u201d header_3_line_height=\u201d2em\u201d text_orientation=\u201dcenter\u201d max_width=\u201d550px\u201d module_alignment=\u201dcenter\u201d header_2_font_tablet=\u201dPlayfair Display|700|||||||\u201d header_2_font_phone=\u201dPlayfair Display|700|||||||\u201d header_2_font_last_edited=\u201don|phone\u201d header_2_font_size_tablet=\u201d32px\u201d header_2_font_size_phone=\u201d26px\u201d header_2_font_size_last_edited=\u201don|phone\u201d locked=\u201doff\u201d global_colors_info=\u201d{}\u201d]<\/p>\n<h2>CONT\u00c1CTENOS<\/h2>\n<p>[\/et_pb_text][et_pb_contact_form captcha=\u201doff\u201d email=\u201dinfo@radicleventure.com\u201d submit_button_text=\u201dEnvIar\u201d module_id=\u201det_pb_contact_form_0\u2033 _builder_version=\u201d4.18.0\u2033 _module_preset=\u201ddefault\u201d form_field_background_color=\u201d#ffffff\u201d form_field_text_color=\u201drgba(0,0,0,0.7)\u201d title_level=\u201dh2\u2033 title_font=\u201dPlayfair Display|700||on|||||\u201d title_text_align=\u201dcenter\u201d title_font_size=\u201d38px\u201d title_line_height=\u201d1.4em\u201d form_field_font=\u201dPoppins|600||on|||||\u201d form_field_font_size=\u201d12px\u201d form_field_letter_spacing=\u201d2px\u201d custom_button=\u201don\u201d button_text_color=\u201d#ffffff\u201d button_bg_color=\u201d#edbb5f\u201d button_border_width=\u201d0px\u201d button_border_radius=\u201d0px\u201d button_letter_spacing=\u201d1px\u201d button_font=\u201dSaira Extra Condensed|600||on|||||\u201d button_icon=\u201d$||divi||400\u2033 custom_margin=\u201d|||\u201d custom_padding=\u201d|||\u201d hover_enabled=\u201d0\u2033 border_color_all=\u201d#dfdfe3\u2033 border_width_bottom=\u201d1px\u201d form_background_color=\u201d#ffffff\u201d global_colors_info=\u201d{}\u201d sticky_enabled=\u201d0\u2033][et_pb_contact_field field_id=\u201dNombre\u201d field_title=\u201dNombre\u201d fullwidth_field=\u201don\u201d _builder_version=\u201d4.18.0\u2033 _module_preset=\u201ddefault\u201d form_field_font=\u201d||||||||\u201d custom_margin=\u201d||20px|\u201d custom_padding=\u201d|||\u201d hover_enabled=\u201d0\u2033 global_colors_info=\u201d{}\u201d button_text_size__hover_enabled=\u201doff\u201d button_one_text_size__hover_enabled=\u201doff\u201d button_two_text_size__hover_enabled=\u201doff\u201d button_text_color__hover_enabled=\u201doff\u201d button_one_text_color__hover_enabled=\u201doff\u201d button_two_text_color__hover_enabled=\u201doff\u201d button_border_width__hover_enabled=\u201doff\u201d button_one_border_width__hover_enabled=\u201doff\u201d button_two_border_width__hover_enabled=\u201doff\u201d button_border_color__hover_enabled=\u201doff\u201d button_one_border_color__hover_enabled=\u201doff\u201d button_two_border_color__hover_enabled=\u201doff\u201d button_border_radius__hover_enabled=\u201doff\u201d button_one_border_radius__hover_enabled=\u201doff\u201d button_two_border_radius__hover_enabled=\u201doff\u201d button_letter_spacing__hover_enabled=\u201doff\u201d button_one_letter_spacing__hover_enabled=\u201doff\u201d button_two_letter_spacing__hover_enabled=\u201doff\u201d button_bg_color__hover_enabled=\u201doff\u201d button_one_bg_color__hover_enabled=\u201doff\u201d button_two_bg_color__hover_enabled=\u201doff\u201d sticky_enabled=\u201d0\u2033][\/et_pb_contact_field][et_pb_contact_field field_id=\u201dEmail\u201d field_title=\u201dDirecci\u00f3n de Email\u201d fullwidth_field=\u201don\u201d _builder_version=\u201d4.18.0\u2033 _module_preset=\u201ddefault\u201d form_field_font=\u201d||||||||\u201d custom_margin=\u201d||20px|\u201d hover_enabled=\u201d0\u2033 global_colors_info=\u201d{}\u201d button_text_size__hover_enabled=\u201doff\u201d button_one_text_size__hover_enabled=\u201doff\u201d button_two_text_size__hover_enabled=\u201doff\u201d button_text_color__hover_enabled=\u201doff\u201d button_one_text_color__hover_enabled=\u201doff\u201d button_two_text_color__hover_enabled=\u201doff\u201d button_border_width__hover_enabled=\u201doff\u201d button_one_border_width__hover_enabled=\u201doff\u201d button_two_border_width__hover_enabled=\u201doff\u201d button_border_color__hover_enabled=\u201doff\u201d button_one_border_color__hover_enabled=\u201doff\u201d button_two_border_color__hover_enabled=\u201doff\u201d button_border_radius__hover_enabled=\u201doff\u201d button_one_border_radius__hover_enabled=\u201doff\u201d button_two_border_radius__hover_enabled=\u201doff\u201d button_letter_spacing__hover_enabled=\u201doff\u201d button_one_letter_spacing__hover_enabled=\u201doff\u201d button_two_letter_spacing__hover_enabled=\u201doff\u201d button_bg_color__hover_enabled=\u201doff\u201d button_one_bg_color__hover_enabled=\u201doff\u201d button_two_bg_color__hover_enabled=\u201doff\u201d sticky_enabled=\u201d0\u2033][\/et_pb_contact_field][et_pb_contact_field field_id=\u201dPhone\u201d field_title=\u201dTel\u00e9fono\u201d required_mark=\u201doff\u201d fullwidth_field=\u201don\u201d _builder_version=\u201d4.18.0\u2033 _module_preset=\u201ddefault\u201d form_field_font=\u201d||||||||\u201d custom_margin=\u201d||20px|\u201d hover_enabled=\u201d0\u2033 global_colors_info=\u201d{}\u201d button_text_size__hover_enabled=\u201doff\u201d button_one_text_size__hover_enabled=\u201doff\u201d button_two_text_size__hover_enabled=\u201doff\u201d button_text_color__hover_enabled=\u201doff\u201d button_one_text_color__hover_enabled=\u201doff\u201d button_two_text_color__hover_enabled=\u201doff\u201d button_border_width__hover_enabled=\u201doff\u201d button_one_border_width__hover_enabled=\u201doff\u201d button_two_border_width__hover_enabled=\u201doff\u201d button_border_color__hover_enabled=\u201doff\u201d button_one_border_color__hover_enabled=\u201doff\u201d button_two_border_color__hover_enabled=\u201doff\u201d button_border_radius__hover_enabled=\u201doff\u201d button_one_border_radius__hover_enabled=\u201doff\u201d button_two_border_radius__hover_enabled=\u201doff\u201d button_letter_spacing__hover_enabled=\u201doff\u201d button_one_letter_spacing__hover_enabled=\u201doff\u201d button_two_letter_spacing__hover_enabled=\u201doff\u201d button_bg_color__hover_enabled=\u201doff\u201d button_one_bg_color__hover_enabled=\u201doff\u201d button_two_bg_color__hover_enabled=\u201doff\u201d sticky_enabled=\u201d0\u2033][\/et_pb_contact_field][et_pb_contact_field field_id=\u201dMessage\u201d field_title=\u201dMensaje\u201d field_type=\u201dtext\u201d fullwidth_field=\u201don\u201d _builder_version=\u201d4.18.0\u2033 _module_preset=\u201ddefault\u201d form_field_background_color=\u201drgba(12,12,12,0.02)\u201d form_field_font=\u201d||||||||\u201d custom_margin=\u201d40px||20px|\u201d hover_enabled=\u201d0\u2033 border_width_all=\u201d1px\u201d field_background_color=\u201drgba(12,12,12,0.02)\u201d global_colors_info=\u201d{}\u201d button_text_size__hover_enabled=\u201doff\u201d button_one_text_size__hover_enabled=\u201doff\u201d button_two_text_size__hover_enabled=\u201doff\u201d button_text_color__hover_enabled=\u201doff\u201d button_one_text_color__hover_enabled=\u201doff\u201d button_two_text_color__hover_enabled=\u201doff\u201d button_border_width__hover_enabled=\u201doff\u201d button_one_border_width__hover_enabled=\u201doff\u201d button_two_border_width__hover_enabled=\u201doff\u201d button_border_color__hover_enabled=\u201doff\u201d button_one_border_color__hover_enabled=\u201doff\u201d button_two_border_color__hover_enabled=\u201doff\u201d button_border_radius__hover_enabled=\u201doff\u201d button_one_border_radius__hover_enabled=\u201doff\u201d button_two_border_radius__hover_enabled=\u201doff\u201d button_letter_spacing__hover_enabled=\u201doff\u201d button_one_letter_spacing__hover_enabled=\u201doff\u201d button_two_letter_spacing__hover_enabled=\u201doff\u201d button_bg_color__hover_enabled=\u201doff\u201d button_one_bg_color__hover_enabled=\u201doff\u201d button_two_bg_color__hover_enabled=\u201doff\u201d sticky_enabled=\u201d0\u2033][\/et_pb_contact_field][\/et_pb_contact_form][\/et_pb_column][et_pb_column type=\u201d1_2\u2033 _builder_version=\u201d4.16\u2033 _module_preset=\u201ddefault\u201d custom_padding=\u201d140px|||\u201d global_colors_info=\u201d{}\u201d custom_padding__hover=\u201d|||\u201d][et_pb_text _builder_version=\u201d4.18.0\u2033 _module_preset=\u201ddefault\u201d text_font=\u201dPoppins|600||on|||||\u201d text_font_size=\u201d16px\u201d text_letter_spacing=\u201d2px\u201d text_line_height=\u201d2em\u201d ul_font=\u201d||||||||\u201d background_color=\u201d#3d3d3d\u201d text_orientation=\u201dcenter\u201d background_layout=\u201ddark\u201d custom_margin=\u201d|||\u201d custom_padding=\u201d60px|40px|60px|40px\u201d custom_padding_last_edited=\u201doff|desktop\u201d animation_style=\u201dflip\u201d animation_delay=\u201d200ms\u201d border_width_top=\u201d8px\u201d border_color_top=\u201d#edbb5f\u201d locked=\u201doff\u201d global_colors_info=\u201d{}\u201d]<\/p>\n<p>RADICLE VENTURES<\/p>\n<p>info@radicleventure.com<\/p>\n<p>[\/et_pb_text][\/et_pb_column][\/et_pb_row][\/et_pb_section]<\/p>\n<\/body>","protected":false},"excerpt":{"rendered":"<p>CON\u00d3ZCANOS UN POCO&#8230; NUESTRO PROP\u00d3SITORadicle Ventures es un fondo de inversi\u00f3n que apoya empresas de etapa temprana durante su desarrollo inicial aportando recursos econ\u00f3micos, intelectuales, y sociales. Buscamos emprendimientos apoyados en tecnolog\u00eda con potencial de crecimiento exponencial, con socios fundadores din\u00e1micos y altamente comprometidos que tengan la capacidad de pivotear para ajustarse r\u00e1pidamente a las [&hellip;]<\/p>\n","protected":false},"author":1,"featured_media":0,"parent":0,"menu_order":0,"comment_status":"closed","ping_status":"closed","template":"","meta":{"_et_pb_use_builder":"on","_et_pb_old_content":"","_et_gb_content_width":"","om_disable_all_campaigns":false,"_monsterinsights_skip_tracking":false,"_monsterinsights_sitenote_active":false,"_monsterinsights_sitenote_note":"","_monsterinsights_sitenote_category":0,"footnotes":""},"class_list":["post-9","page","type-page","status-publish","hentry"],"jetpack_sharing_enabled":true,"_links":{"self":[{"href":"https:\/\/radicleventure.com\/index.php\/wp-json\/wp\/v2\/pages\/9"}],"collection":[{"href":"https:\/\/radicleventure.com\/index.php\/wp-json\/wp\/v2\/pages"}],"about":[{"href":"https:\/\/radicleventure.com\/index.php\/wp-json\/wp\/v2\/types\/page"}],"author":[{"embeddable":true,"href":"https:\/\/radicleventure.com\/index.php\/wp-json\/wp\/v2\/users\/1"}],"replies":[{"embeddable":true,"href":"https:\/\/radicleventure.com\/index.php\/wp-json\/wp\/v2\/comments?post=9"}],"version-history":[{"count":18,"href":"https:\/\/radicleventure.com\/index.php\/wp-json\/wp\/v2\/pages\/9\/revisions"}],"predecessor-version":[{"id":214,"href":"https:\/\/radicleventure.com\/index.php\/wp-json\/wp\/v2\/pages\/9\/revisions\/214"}],"wp:attachment":[{"href":"https:\/\/radicleventure.com\/index.php\/wp-json\/wp\/v2\/media?parent=9"}],"curies":[{"name":"wp","href":"https:\/\/api.w.org\/{rel}","templated":true}]}}